*y = -6*d + 5*d + 153. Let u = 61 + y. What is the units digit of u?
2
Let p be -3 - (3 + -15 - -1). Let o be (-4)/p + (-1983)/(-6). Suppose 0*x - 5*x = -o. What is the units digit of x?
6
Let x = 11 - 8. Suppose q + j = -q + 146, 2*q = -x*j + 146. Suppose 0 = -4*w + 39 + q. What is the tens digit of w?
2
Let f be 8 + (3 + -6 - -1). Let o be 1 - f/(-1) - (1 + 1). Suppose 0 = -n + 15 - o. What is the units digit of n?
0
Let k be (-2 - 2) + 5 + 240. Suppose -3*u + 515 + k = 0. What is the tens digit of u?
5
Let r be (-8)/(-18) + (-5340)/(-135). Suppose -6*h = -2*h - r. Let j(c) = 23*c + 5. What is the units digit of j(h)?
5
What is the hundreds digit of 57444 + -189 + (-46)/(-2)?
2
Suppose 21*x - 38471 = -10*x. Suppose -10*r + 10971 = x. What is the hundreds digit of r?
9
Let d(t) = -t - 18. Let y be d(4). Let b be 0/2 + y + 5 + -1. What is the units digit of 3/b - (-4 + 638/(-12))?
7
Let a = 45429 + 6368. What is the tens digit of a?
9
Let t(p) = 28*p**2 - 11*p**2 - 6*p**2 + 9*p - 12*p**2 + 25. What is the units digit of t(6)?
3
Suppose 0 = -31*d + 1345979 - 1059892 + 2356570. What is the units digit of d?
7
Let r be (-8 + 8)/(-2) - (-4802 - 3). Let c = -2875 + r. What is the units digit of c?
0
Let b be 6 + -20 + 9 + -2. What is the hundreds digit of 600 + 2 + -9 + b?
5
Suppose 2*w + 6*t - t - 976 = 0, -2*w + t + 964 = 0. Let j = w + 701. What is the units digit of j?
4
What is the hundreds digit of 18/27 - (225556/(-12) + 4 - -3)?
7
Let y be 0 + -1778 - 6/2. Let d = y - -3011. Suppose 7*x - d = x. What is the units digit of x?
5
Let s(a) = -a**3 - 11*a**2 - 15*a - 6. Let y = 62 + -70. Let o be s(y). What is the tens digit of (-1514)/(-12) - (-13)/o?
2
Let x(r) = 16*r**2 - 2*r + 1. Let b(v) be the second derivative of -v**5/20 + v**4/12 - v**3/6 - v**2/2 + 15*v. Let j be b(-1). What is the tens digit of x(j)?
6
Suppose 5*k - 1556 = k. Let r = k + -53. What is the tens digit of r?
3
Suppose 104*k + 66*k - 2323896 = 22*k. What is the thousands digit of k?
5
Let l be ((-135)/36)/((-9)/12). Suppose 5*s = v - 275, 0*v + l*s = -2*v + 490. What is the tens digit of v?
5
Let g be 10/25 - (-46)/10. Suppose 4*j - 303 = -g*m, -j - 2*m = -103 + 31. Suppose 2*t = -l - 0*l + 81, -2*l = 2*t - j. What is the units digit of t?
0
Let i be (-36)/(-24)*(-2)/(-3). Let q be (1 + -106 - i)/(-1). Let n = q + -48. What is the units digit of n?
8
Let a(x) = x**3 - 2*x**2 - 5*x + 15. Let z be a(2). Suppose 0 = -4*l - l + 3*b + 5794, -5*l + z*b = -5800. What is the thousands digit of l?
1
Let k(w) = 34. Let u(d) = -d + 69. Let v(z) = 5*k(z) - 3*u(z). Let t be v(13). Suppose -292 = -5*j + 4*y + 292, t*j + 5*y = 227. What is the units digit of j?
6
Let u be 10/(-15) + (-200)/(-30). What is the tens digit of ((-256896)/14)/(-18) + u/(-14)?
1
Let c be 144/252 - (2 + (-201)/(-21)). Let o(d) = -2*d**3 - 14*d**2 - 11*d + 36. What is the thousands digit of o(c)?
1
Let v be (-9)/(-27) + 1646/3. Suppose 5*q - 2*j - 689 = -j, 0 = 4*q - 3*j - v. Suppose 3*d - 4 = 11, 3*s - 3*d - q = 0. What is the tens digit of s?
5
Let y be -503 - (1 + -3 + 4). Let s = y + 575. What is the units digit of s?
0
Let o = -7808 + 9892. What is the thousands digit of o?
2
Suppose -256*t + 327*t = 589726. What is the thousands digit of t?
8
Let m(c) = 17*c**2 + 18*c + 74. Let g(w) = 10*w + 22. Let y be g(-3). What is the tens digit of m(y)?
1
Suppose 3 = 2*o + 13, 3*o - 160 = -5*b. Let z = 65 - b. Suppose 26*y + 304 = z*y. What is the tens digit of y?
7
Suppose 0 = 6*g - g - 20. Suppose 3*p - 892 = -g*a - 0*p, 0 = 3*a + p - 669. What is the tens digit of a?
2
Suppose 1798 = 3*i - 2*h, 5*h = 8*h - 3. Let a = 1411 - i. What is the tens digit of a?
1
Suppose 562804 = 41*a - 429847. What is the thousands digit of a?
4
Let k(x) = -x + 1. Let w(z) = 171*z + 4. Let v(h) = -4*k(h) - w(h). Let b be v(-2). Suppose 268 = 3*y - b. What is the tens digit of y?
9
Let c = 119 + -119. Suppose 27*p - 5*l - 275 = 22*p, c = -3*p - 4*l + 151. What is the tens digit of p?
5
Let v = 1619 - -95. What is the hundreds digit of v?
7
Let t(p) = p**3 - 10*p**2 + 10*p - 4. Let y be t(9). Suppose y*z - 2*z = 759. What is the units digit of z?
3
Let c = 5781 - 4084. What is the thousands digit of c?
1
Let v(d) = d - 15. Let i = -12 + 25. Let m be v(i). What is the units digit of (m + -1)*(-220)/15?
4
Let c = 6203 - 1106. What is the tens digit of (-2)/(-7) + (-4)/(-84)*c?
4
Suppose -48*j + 45*j + 22226 = -40723. What is the hundreds digit of j?
9
What is the hundreds digit of 3264/(-64)*10/(-6)*207?
5
Let w(b) be the first derivative of b**4/4 + 2*b**3 + 9*b**2/2 + 46*b - 21. Let m be w(-7). Let z = m + 131. What is the units digit of z?
5
Let m = 77 - 71. Let d(o) = -o - 9*o + 3*o + m. What is the units digit of d(-7)?
5
What is the units digit of ((-3)/(-2))/(52/(-962) - 218625/(-4038402))?
1
Suppose -77751 = 6*f - 327531. What is the units digit of f?
0
Let u = -5 + 3. Suppose 4*g + 219 = 3*n, -60 = -2*g - 3*n - 147. Let d = u - g. What is the tens digit of d?
4
Let w be 50/7 + (-10)/70. Suppose 804 = -w*o + 3884. What is the tens digit of o?
4
What is the thousands digit of ((-2)/(-5))/((1653/(-1122045))/(-29))?
7
Suppose -4*j = -11*j + 140. Let z be 330/j + (-2)/(-4)*-3. Suppose 0 = -z*x + 355 + 2075. What is the tens digit of x?
6
Suppose -4*y + 5297 = 5*l, 27*l + 2*y - 5311 = 22*l. What is the hundreds digit of l?
0
Let i = 16122 + 5635. What is the units digit of i?
7
What is the hundreds digit of (-8 + (-120)/(-14))/(5/((-2243675)/(-10)))?
6
Suppose 0 = 4*n - 3*g - 11950 - 2356, 5*n = 4*g + 17883. What is the tens digit of n?
7
Suppose 4641*n = 4536*n + 2506350. What is the units digit of n?
0
Let x be (12/(-18) - -1)/(1/9). Suppose -4*s = -h + 5*h + 480, 0 = x*h - 4*s + 332. Let a = 244 + h. What is the units digit of a?
8
What is the hundreds digit of (-3)/6 + 5822783/94?
9
Let u(t) = -8*t + 2*t**3 - 51274*t**2 - 21*t + 51257*t**2 - 6. What is the hundreds digit of u(13)?
1
Let o(k) = 559*k - 2418. What is the tens digit of o(12)?
9
Suppose 2489*y - 78792 = 2482*y. What is the ten thousands digit of y?
1
Suppose -27*a = 262652 - 995810. What is the units digit of a?
4
Let b(v) = 28*v - 13. Let l be b(-4). Let a = 126 + l. What is the tens digit of (a - 1066/(-5)) + (-53)/265?
1
Let a be ((-210)/18 - 2)*-21. Let w = 42 + a. What is the units digit of w?
9
Let y be 4614/5 - 4/(-20). Let h = y + -257. Suppose 0 = 2*r + 3*f - 353, 5*r - r = 2*f + h. What is the hundreds digit of r?
1
Let q = -9497 - -13356. What is the thousands digit of q?
3
Let z be -5*(-9 + (75/(-5))/(-3)). Suppose -z*j + 24*j - 1675 = -5*l, -l - j = -335. What is the tens digit of l?
3
Suppose 132020 = 5*u + h - 6*h, -12 = 4*h. What is the hundreds digit of u?
4
Let v(d) be the second derivative of -11*d**4/4 - d**3/2 - d**2/2 + 5*d. Let n be v(-3). What is the tens digit of (-34)/n + 2633/17?
5
Let w = -13081 - -35842. What is the tens digit of w?
6
Let a be 6 + (0 - 1)*-3. Suppose -g = -a*g + 144. What is the tens digit of g/(-15)*(-2 + -38)?
4
Suppose -3*q - 8*n + 6 = -5*n, 0 = -4*q + 4*n + 8. Suppose -q*m - 289 = -299. What is the units digit of m?
5
Suppose -985*q - 2*t - 48023 = -986*q, -144074 = -3*q + t. What is the ten thousands digit of q?
4
Let n(t) = 2*t - 6. Let g be n(4). Let j be 9/(36/16) + (g - 2). Suppose -3*s + 28 = j. What is the units digit of s?
8
What is the thousands digit of (-4)/(-14) + (-16157610)/(-2205)?
7
What is the units digit of 1 - ((11173/2 - 6)*-2)/1?
2
Suppose -24*n = -26*n + 12. Suppose n*o + l - 778 = 5*o, o = l + 772. What is the units digit of o?
5
Let a be (-1 + -2)*(-705)/3. What is the hundreds digit of a + (5/(-10))/(1/(-2))?
7
Let o(k) = 124*k + 13. Let j(c) = -122*c - 15. Let x(s) = -7*j(s) - 6*o(s). What is the units digit of x(3)?
7
Suppose h + 0*h + 1053 = -3*c, 2*c + 712 = -4*h. Let v = c + 691. What is the tens digit of v?
4
Let j = 36 - 32. Suppose 0 = -4*p - r - 14, 4 = -j*p + 3*r - 2. What is the units digit of p + -9*(-52)/12?
6
Let n be (-5)/(-10)*0/1. What is the hundreds digit of (0 - -541 - -9)*(n - -1)?
5
Let s be 2 - 1 - (-37 - 0). Suppose 19*w - 18*w = s. Suppose -10 = -f + w. What is the tens digit of f?
4
Let m(h) = -h**3 + 23*h**2 + 5*h - 85. Suppose y = 35*d - 32*d - 65, 0 = -5*d - 3*y +